{"id":15,"date":"2025-11-05T16:04:03","date_gmt":"2025-11-05T16:04:03","guid":{"rendered":"https:\/\/davehouse.hu\/fiokom\/"},"modified":"2025-11-08T10:21:52","modified_gmt":"2025-11-08T09:21:52","slug":"fiokom","status":"publish","type":"page","link":"https:\/\/davehouse.hu\/?page_id=15","title":{"rendered":"Fi\u00f3kom"},"content":{"rendered":"\t\t<div data-elementor-type=\"wp-page\" data-elementor-id=\"15\" class=\"elementor elementor-15\" data-elementor-post-type=\"page\">\n\t\t\t\t<div class=\"elementor-element elementor-element-6f3faa9f e-flex e-con-boxed e-con e-parent\" data-id=\"6f3faa9f\" data-element_type=\"container\">\n\t\t\t\t\t<div class=\"e-con-inner\">\n\t\t\t\t<div class=\"elementor-element elementor-element-5939d2aa elementor-widget elementor-widget-text-editor\" data-id=\"5939d2aa\" data-element_type=\"widget\" data-widget_type=\"text-editor.default\">\n\t\t\t\t\t\t\t\t\t<p><code>\t\t<div class=\"mphb_sc_account\">\n\t\t\t\t\t\t<div class=\"mphb-account-content\">\n\t\t\t\t\t\t\t\t\t\t\t\t\t\t\t<div class=\"mphb-login-form\">\n\t\t\t\t<form name=\"loginform\" id=\"loginform\" action=\"https:\/\/davehouse.hu\/wp-login.php\" method=\"post\"><p class=\"login-username\">\n\t\t\t\t<label for=\"user_login\">Felhaszn\u00e1l\u00f3n\u00e9v, vagy e-mail c\u00edm<\/label>\n\t\t\t\t<input type=\"text\" name=\"log\" id=\"user_login\" autocomplete=\"username\" class=\"input\" value=\"\" size=\"20\" \/>\n\t\t\t<\/p><p class=\"login-password\">\n\t\t\t\t<label for=\"user_pass\">Jelsz\u00f3<\/label>\n\t\t\t\t<input type=\"password\" name=\"pwd\" id=\"user_pass\" autocomplete=\"current-password\" spellcheck=\"false\" class=\"input\" value=\"\" size=\"20\" \/>\n\t\t\t<\/p><p class=\"login-remember\"><label><input name=\"rememberme\" type=\"checkbox\" id=\"rememberme\" value=\"forever\" \/> Eml\u00e9kezzen r\u00e1m<\/label><\/p><p class=\"login-submit\">\n\t\t\t\t<input type=\"submit\" name=\"wp-submit\" id=\"wp-submit\" class=\"button button-primary\" value=\"Bejelentkez\u00e9s\" \/>\n\t\t\t\t<input type=\"hidden\" name=\"redirect_to\" value=\"https:\/\/davehouse.hu\/index.php?rest_route=%2Fwp%2Fv2%2Fpages%2F15\" \/>\n\t\t\t<\/p><\/form>\t\t\t\t<a href=\"https:\/\/davehouse.hu\/wp-login.php?action=lostpassword&#038;redirect_to=https%3A%2F%2Fdavehouse.hu%2F%3Fpage_id%3D15\">Elfelejtett jelsz\u00f3?<\/a>\n\t\t\t<\/div>\n\t\t\t\t\t\t\t\t\t\t<\/div>\n\t\t<\/div>\n\t\t<\/code><\/p>\t\t\t\t\t\t\t\t<\/div>\n\t\t\t\t\t<\/div>\n\t\t\t\t<\/div>\n\t\t\t\t<\/div>\n\t\t","protected":false},"excerpt":{"rendered":"","protected":false},"author":1,"featured_media":0,"parent":0,"menu_order":0,"comment_status":"closed","ping_status":"closed","template":"","meta":{"site-sidebar-layout":"default","site-content-layout":"","ast-site-content-layout":"default","site-content-style":"default","site-sidebar-style":"default","ast-global-header-display":"","ast-banner-title-visibility":"","ast-main-header-display":"","ast-hfb-above-header-display":"","ast-hfb-below-header-display":"","ast-hfb-mobile-header-display":"","site-post-title":"","ast-breadcrumbs-content":"","ast-featured-img":"","footer-sml-layout":"","theme-transparent-header-meta":"","adv-header-id-meta":"","stick-header-meta":"","header-above-stick-meta":"","header-main-stick-meta":"","header-below-stick-meta":"","astra-migrate-meta-layouts":"default","ast-page-background-enabled":"default","ast-page-background-meta":{"desktop":{"background-color":"var(--ast-global-color-5)","background-image":"","background-repeat":"repeat","background-position":"center center","background-size":"auto","background-attachment":"scroll","background-type":"","background-media":"","overlay-type":"","overlay-color":"","overlay-opacity":"","overlay-gradient":""},"tablet":{"background-color":"","background-image":"","background-repeat":"repeat","background-position":"center center","background-size":"auto","background-attachment":"scroll","background-type":"","background-media":"","overlay-type":"","overlay-color":"","overlay-opacity":"","overlay-gradient":""},"mobile":{"background-color":"","background-image":"","background-repeat":"repeat","background-position":"center center","background-size":"auto","background-attachment":"scroll","background-type":"","background-media":"","overlay-type":"","overlay-color":"","overlay-opacity":"","overlay-gradient":""}},"ast-content-background-meta":{"desktop":{"background-color":"var(--ast-global-color-4)","background-image":"","background-repeat":"repeat","background-position":"center center","background-size":"auto","background-attachment":"scroll","background-type":"","background-media":"","overlay-type":"","overlay-color":"","overlay-opacity":"","overlay-gradient":""},"tablet":{"background-color":"var(--ast-global-color-4)","background-image":"","background-repeat":"repeat","background-position":"center center","background-size":"auto","background-attachment":"scroll","background-type":"","background-media":"","overlay-type":"","overlay-color":"","overlay-opacity":"","overlay-gradient":""},"mobile":{"background-color":"var(--ast-global-color-4)","background-image":"","background-repeat":"repeat","background-position":"center center","background-size":"auto","background-attachment":"scroll","background-type":"","background-media":"","overlay-type":"","overlay-color":"","overlay-opacity":"","overlay-gradient":""}},"footnotes":""},"class_list":["post-15","page","type-page","status-publish","hentry"],"yoast_head":"<!-- This site is optimized with the Yoast SEO plugin v26.6 - https:\/\/yoast.com\/wordpress\/plugins\/seo\/ -->\n<title>Fi\u00f3kom - DaveHouse<\/title>\n<meta name=\"robots\" content=\"index, follow, max-snippet:-1, max-image-preview:large, max-video-preview:-1\" \/>\n<link rel=\"canonical\" href=\"https:\/\/davehouse.hu\/?page_id=15\" \/>\n<meta property=\"og:locale\" content=\"hu_HU\" \/>\n<meta property=\"og:type\" content=\"article\" \/>\n<meta property=\"og:title\" content=\"Fi\u00f3kom - DaveHouse\" \/>\n<meta property=\"og:url\" content=\"https:\/\/davehouse.hu\/?page_id=15\" \/>\n<meta property=\"og:site_name\" content=\"DaveHouse\" \/>\n<meta property=\"article:modified_time\" content=\"2025-11-08T09:21:52+00:00\" \/>\n<meta name=\"twitter:card\" content=\"summary_large_image\" \/>\n<script type=\"application\/ld+json\" class=\"yoast-schema-graph\">{\"@context\":\"https:\/\/schema.org\",\"@graph\":[{\"@type\":\"WebPage\",\"@id\":\"https:\/\/davehouse.hu\/?page_id=15\",\"url\":\"https:\/\/davehouse.hu\/?page_id=15\",\"name\":\"Fi\u00f3kom - DaveHouse\",\"isPartOf\":{\"@id\":\"https:\/\/davehouse.hu\/#website\"},\"datePublished\":\"2025-11-05T16:04:03+00:00\",\"dateModified\":\"2025-11-08T09:21:52+00:00\",\"breadcrumb\":{\"@id\":\"https:\/\/davehouse.hu\/?page_id=15#breadcrumb\"},\"inLanguage\":\"hu\",\"potentialAction\":[{\"@type\":\"ReadAction\",\"target\":[\"https:\/\/davehouse.hu\/?page_id=15\"]}]},{\"@type\":\"BreadcrumbList\",\"@id\":\"https:\/\/davehouse.hu\/?page_id=15#breadcrumb\",\"itemListElement\":[{\"@type\":\"ListItem\",\"position\":1,\"name\":\"Kezd\u0151lap\",\"item\":\"https:\/\/davehouse.hu\/\"},{\"@type\":\"ListItem\",\"position\":2,\"name\":\"Fi\u00f3kom\"}]},{\"@type\":\"WebSite\",\"@id\":\"https:\/\/davehouse.hu\/#website\",\"url\":\"https:\/\/davehouse.hu\/\",\"name\":\"DaveHouse\",\"description\":\"DaveHouse Szentes vend\u00e9gsz\u00e1ll\u00e1s\",\"publisher\":{\"@id\":\"https:\/\/davehouse.hu\/#organization\"},\"potentialAction\":[{\"@type\":\"SearchAction\",\"target\":{\"@type\":\"EntryPoint\",\"urlTemplate\":\"https:\/\/davehouse.hu\/?s={search_term_string}\"},\"query-input\":{\"@type\":\"PropertyValueSpecification\",\"valueRequired\":true,\"valueName\":\"search_term_string\"}}],\"inLanguage\":\"hu\"},{\"@type\":\"Organization\",\"@id\":\"https:\/\/davehouse.hu\/#organization\",\"name\":\"DaveHouse\",\"url\":\"https:\/\/davehouse.hu\/\",\"logo\":{\"@type\":\"ImageObject\",\"inLanguage\":\"hu\",\"@id\":\"https:\/\/davehouse.hu\/#\/schema\/logo\/image\/\",\"url\":\"https:\/\/davehouse.hu\/wp-content\/uploads\/2025\/11\/cropped-DaveHouse-logo.png\",\"contentUrl\":\"https:\/\/davehouse.hu\/wp-content\/uploads\/2025\/11\/cropped-DaveHouse-logo.png\",\"width\":371,\"height\":241,\"caption\":\"DaveHouse\"},\"image\":{\"@id\":\"https:\/\/davehouse.hu\/#\/schema\/logo\/image\/\"}}]}<\/script>\n<!-- \/ Yoast SEO plugin. -->","yoast_head_json":{"title":"Fi\u00f3kom - DaveHouse","robots":{"index":"index","follow":"follow","max-snippet":"max-snippet:-1","max-image-preview":"max-image-preview:large","max-video-preview":"max-video-preview:-1"},"canonical":"https:\/\/davehouse.hu\/?page_id=15","og_locale":"hu_HU","og_type":"article","og_title":"Fi\u00f3kom - DaveHouse","og_url":"https:\/\/davehouse.hu\/?page_id=15","og_site_name":"DaveHouse","article_modified_time":"2025-11-08T09:21:52+00:00","twitter_card":"summary_large_image","schema":{"@context":"https:\/\/schema.org","@graph":[{"@type":"WebPage","@id":"https:\/\/davehouse.hu\/?page_id=15","url":"https:\/\/davehouse.hu\/?page_id=15","name":"Fi\u00f3kom - DaveHouse","isPartOf":{"@id":"https:\/\/davehouse.hu\/#website"},"datePublished":"2025-11-05T16:04:03+00:00","dateModified":"2025-11-08T09:21:52+00:00","breadcrumb":{"@id":"https:\/\/davehouse.hu\/?page_id=15#breadcrumb"},"inLanguage":"hu","potentialAction":[{"@type":"ReadAction","target":["https:\/\/davehouse.hu\/?page_id=15"]}]},{"@type":"BreadcrumbList","@id":"https:\/\/davehouse.hu\/?page_id=15#breadcrumb","itemListElement":[{"@type":"ListItem","position":1,"name":"Kezd\u0151lap","item":"https:\/\/davehouse.hu\/"},{"@type":"ListItem","position":2,"name":"Fi\u00f3kom"}]},{"@type":"WebSite","@id":"https:\/\/davehouse.hu\/#website","url":"https:\/\/davehouse.hu\/","name":"DaveHouse","description":"DaveHouse Szentes vend\u00e9gsz\u00e1ll\u00e1s","publisher":{"@id":"https:\/\/davehouse.hu\/#organization"},"potentialAction":[{"@type":"SearchAction","target":{"@type":"EntryPoint","urlTemplate":"https:\/\/davehouse.hu\/?s={search_term_string}"},"query-input":{"@type":"PropertyValueSpecification","valueRequired":true,"valueName":"search_term_string"}}],"inLanguage":"hu"},{"@type":"Organization","@id":"https:\/\/davehouse.hu\/#organization","name":"DaveHouse","url":"https:\/\/davehouse.hu\/","logo":{"@type":"ImageObject","inLanguage":"hu","@id":"https:\/\/davehouse.hu\/#\/schema\/logo\/image\/","url":"https:\/\/davehouse.hu\/wp-content\/uploads\/2025\/11\/cropped-DaveHouse-logo.png","contentUrl":"https:\/\/davehouse.hu\/wp-content\/uploads\/2025\/11\/cropped-DaveHouse-logo.png","width":371,"height":241,"caption":"DaveHouse"},"image":{"@id":"https:\/\/davehouse.hu\/#\/schema\/logo\/image\/"}}]}},"_links":{"self":[{"href":"https:\/\/davehouse.hu\/index.php?rest_route=\/wp\/v2\/pages\/15","targetHints":{"allow":["GET"]}}],"collection":[{"href":"https:\/\/davehouse.hu\/index.php?rest_route=\/wp\/v2\/pages"}],"about":[{"href":"https:\/\/davehouse.hu\/index.php?rest_route=\/wp\/v2\/types\/page"}],"author":[{"embeddable":true,"href":"https:\/\/davehouse.hu\/index.php?rest_route=\/wp\/v2\/users\/1"}],"replies":[{"embeddable":true,"href":"https:\/\/davehouse.hu\/index.php?rest_route=%2Fwp%2Fv2%2Fcomments&post=15"}],"version-history":[{"count":12,"href":"https:\/\/davehouse.hu\/index.php?rest_route=\/wp\/v2\/pages\/15\/revisions"}],"predecessor-version":[{"id":254,"href":"https:\/\/davehouse.hu\/index.php?rest_route=\/wp\/v2\/pages\/15\/revisions\/254"}],"wp:attachment":[{"href":"https:\/\/davehouse.hu\/index.php?rest_route=%2Fwp%2Fv2%2Fmedia&parent=15"}],"curies":[{"name":"wp","href":"https:\/\/api.w.org\/{rel}","templated":true}]}}